{"id":7,"date":"2015-01-27T11:40:02","date_gmt":"2015-01-27T11:40:02","guid":{"rendered":"http:\/\/www.hdstavsro.sk\/?page_id=7"},"modified":"2018-03-07T18:04:12","modified_gmt":"2018-03-07T18:04:12","slug":"kontakt","status":"publish","type":"page","link":"https:\/\/www.hdstavsro.sk\/?page_id=7","title":{"rendered":"Kontakt"},"content":{"rendered":"<p>H.D. Stav, s.r.o.<br \/>\nBlato 242<br \/>\n962 05 Hri\u0148ov\u00e1<br \/>\nI\u010cO: 46698523<br \/>\nI\u010c DPH: SK2023520279<\/p>\n<p>\u0160tefan Hukel<br \/>\n0905 540892<br \/>\n<a href=\"mailto:hukel@hdstavsro.sk\">hukel@hdstavsro.sk<\/a><\/p>\n<p>J\u00e1n Debn\u00e1r<br \/>\n0905 271315<br \/>\n<a href=\"mailto:debnar@hdstavsro.sk\">debnar@hdstavsro.sk<\/a><\/p>\n<p>&nbsp;<\/p>\n","protected":false},"excerpt":{"rendered":"<p>H.D. Stav, s.r.o. Blato 242 962 05 Hri\u0148ov\u00e1 I\u010cO: 46698523 I\u010c DPH: SK2023520279 \u0160tefan Hukel 0905 540892 hukel@hdstavsro.sk J\u00e1n Debn\u00e1r 0905 271315 debnar@hdstavsro.sk &nbsp;<\/p>\n","protected":false},"author":1,"featured_media":0,"parent":0,"menu_order":0,"comment_status":"open","ping_status":"open","template":"","meta":{"ngg_post_thumbnail":0,"footnotes":""},"_links":{"self":[{"href":"https:\/\/www.hdstavsro.sk\/index.php?rest_route=\/wp\/v2\/pages\/7"}],"collection":[{"href":"https:\/\/www.hdstavsro.sk\/index.php?rest_route=\/wp\/v2\/pages"}],"about":[{"href":"https:\/\/www.hdstavsro.sk\/index.php?rest_route=\/wp\/v2\/types\/page"}],"author":[{"embeddable":true,"href":"https:\/\/www.hdstavsro.sk\/index.php?rest_route=\/wp\/v2\/users\/1"}],"replies":[{"embeddable":true,"href":"https:\/\/www.hdstavsro.sk\/index.php?rest_route=%2Fwp%2Fv2%2Fcomments&post=7"}],"version-history":[{"count":2,"href":"https:\/\/www.hdstavsro.sk\/index.php?rest_route=\/wp\/v2\/pages\/7\/revisions"}],"predecessor-version":[{"id":531,"href":"https:\/\/www.hdstavsro.sk\/index.php?rest_route=\/wp\/v2\/pages\/7\/revisions\/531"}],"wp:attachment":[{"href":"https:\/\/www.hdstavsro.sk\/index.php?rest_route=%2Fwp%2Fv2%2Fmedia&parent=7"}],"curies":[{"name":"wp","href":"https:\/\/api.w.org\/{rel}","templated":true}]}}